. Let h = l - -21. Let f = 93 + h. What is the tens digit of f?
8
Suppose -o = -9 + 7. Suppose 192 = o*w + 10*w. Suppose 2*d + 34 = l + d, -l = 5*d - w. What is the tens digit of l?
3
Suppose 13647 = 3*k - 101845 + 18487. What is the tens digit of k?
3
Let t(u) = 9*u - 4. Let f be t(3). Let p(b) = -b**3 + 24*b**2 - 22*b - 13. Let h be p(f). Suppose -12*n = -h*n - 152. What is the units digit of n?
6
Let m = 67 - 30. Suppose m*n - 825 = 22*n. What is the units digit of n?
5
Suppose 5*t + 27 = 2*t + 3*y, 0 = 5*t + 5*y + 5. Let b(d) = -11*d + 13. Let m be b(t). What is the tens digit of ((-20)/(-8))/(0 + 2/m)?
8
What is the tens digit of (2 - 0) + 8 + (-309720)/(-89)?
9
Let b = -25 + 25. Suppose 3*t + p - 12 = -b*t, -4*p = -t - 9. Suppose 165 = 2*j - 0*j - y, 2*y + 245 = t*j. What is the units digit of j?
5
Let o(t) be the third derivative of t**6/120 - 7*t**5/15 - 47*t**4/24 + t**3/2 + 6*t**2 - 19. What is the hundreds digit of o(30)?
3
Let j be 0/14*(2 + -1). Let z(o) = -3*o**2 + j*o**2 + 4*o**2 + 18 - 16*o. What is the units digit of z(16)?
8
Suppose -4*v = -25 + 9. Suppose 90 = 14*l + 34. What is the units digit of l/(-22) - v*89/(-22)?
6
Suppose 0 = -7*u + 3*u - 20. Let k be 2 - (0 - 1 - u). What is the tens digit of (-415)/(-7) - k/(-7)?
5
Suppose 18 = 2*m + 12. Let v be (5 - (-2 + 4))*m/9. What is the units digit of 3/v*(-1830)/(-45)?
2
Suppose -17*m + 36 = -8*m. Suppose 20 = -m*a + 8*a. Suppose -706 = -4*t - a*k - 50, -t + 143 = -4*k. What is the tens digit of t?
5
Suppose -19*n + 2088 = 663. What is the hundreds digit of (88 + n)/((-1)/(-11))?
7
Suppose -5*y = -w - 3719, -3*w = -29*y + 24*y + 3717. Suppose 4*q + 951 = 5*t, 10*t - 6*t + q = y. What is the hundreds digit of t?
1
Let d = 38 + -80. Let s = 3 - d. Let f = s + 50. What is the units digit of f?
5
Suppose 3*a + 5*r = 798, -61*a - 4*r = -63*a + 576. What is the hundreds digit of a?
2
Let y(v) = -14*v - 46. Let d(w) = -2*w**2 - 5*w + 9. Let c be d(2). Let x be y(c). Let o = 150 - x. What is the tens digit of o?
7
Let r(o) = -9 + 5 - o + 6 - 20*o. Suppose -32 = 4*t + 2*z, 6*t - t = z - 40. What is the units digit of r(t)?
0
Let w(c) = c**3 - 12*c**2 - 11*c - 21. Let u be w(13). Let k(g) = 14*g**2 + 9*g - 41. What is the hundreds digit of k(u)?
3
Suppose 5*l = 5*x + 100010, -93*l + 98*l = -x + 99998. What is the thousands digit of l?
0
Let i be (-232)/48 + (2/12)/(-1). Let a be (-24)/60 - (-23)/i. Let x(s) = -3*s**3 - 5*s**2 + 4*s + 11. What is the tens digit of x(a)?
4
Suppose -18*o = -23*o - 5*x + 25455, 4*x = 0. What is the thousands digit of o?
5
Suppose -2*q + 78 = -4*q - 2*m, -5*m = -4*q - 183. Let g = 152 - q. What is the tens digit of g?
9
Suppose -1400396 = -202*k + 120*k. What is the ten thousands digit of k?
1
Let v = 28919 - -10794. What is the ten thousands digit of v?
3
Suppose -5*i = -i + p - 11, -5*p - 37 = -3*i. What is the hundreds digit of (-5 - 3) + 5172/i?
2
Suppose 278506 = 181*f - 381963. What is the tens digit of f?
4
What is the tens digit of (-1)/(318008/28910 - 11)?
5
Let d(h) be the first derivative of -9*h**2/2 + 19*h + 20. Let w be d(-11). Suppose 2*t = 7*t + 2*z - 556, 3*z = t - w. What is the units digit of t?
2
Suppose -2*l - 4187 + 17957 = -2*c, -l + 6873 = 5*c. What is the thousands digit of l?
6
Suppose 13*i - 13910 + 4732 = 0. Let u = i + -496. What is the tens digit of u?
1
Suppose -10 = -5*q, -3*w - 4*q = -w + 12. What is the tens digit of w/(-20) - (-2)/(-4)*-1001?
0
Let d(a) = -25*a + 150. Let c be d(6). Suppose c = -4*k - 11*x + 12*x + 2445, 4*x + 1850 = 3*k. What is the hundreds digit of k?
6
Let f = -155 - -414. Let b = f + -60. What is the tens digit of b?
9
Let q(z) be the third derivative of 7*z**4/8 + 19*z**3/6 - 66*z**2. What is the tens digit of q(3)?
8
Let u be (11 - 8) + 3 + -5 + 2. Suppose 4*z = -0*z - t + 138, 0 = 5*z + u*t - 176. What is the units digit of z?
4
Let y(i) = i**2 + 5*i + 13. Let c be y(-10). Let r be c/(-15) + 12/(-15). What is the tens digit of 48 + r + 4 + 0?
4
Let q = -894 + 1321. Let x = -1422 - -1545. Suppose -5*w + x = -q. What is the tens digit of w?
1
Let o = 612 - 605. Suppose 12*k + 2*h - 2099 = o*k, -4*k + 5*h = -1699. What is the units digit of k?
1
Let c = -48 - -50. Suppose -c*f - 5*a + 82 = 0, -11*a + 7*a + 8 = 0. What is the units digit of f?
6
Let q(v) = v**3 + 56*v + 50556. What is the thousands digit of q(0)?
0
Let t(a) = -a**2 - 4*a + 20. Suppose -6*f = 12 + 24. Let s be t(f). What is the tens digit of 630/s - (-1)/4*1?
7
Suppose 78822 = 3*f + 2*y, 3*f - 40763 - 38050 = -5*y. What is the ten thousands digit of f?
2
Suppose 0 = -12*o + 5 + 139. Suppose 5433 = o*w + 1185. What is the hundreds digit of w?
3
Suppose -4*k - 27 = -5*n, 2*k = -6*n + 10*n - 18. Suppose 0 = a + 4, -5*c - a = n*a - 3209. What is the hundreds digit of c?
6
Let b(z) = 75*z**2 + 10*z + 7. Let c(j) = -150*j**2 - 21*j - 13. Let l(a) = 9*b(a) + 4*c(a). What is the hundreds digit of l(-2)?
2
What is the hundreds digit of (-9 - (-238)/42)/((-3)/4104)?
5
Suppose 3*g + 4*y = 277, -3*g + y - 54 = -356. Let u(c) = -13*c - 35. Let r be u(-16). Let z = r - g. What is the tens digit of z?
7
Let b(f) = -10*f + 404. Let x be b(0). Suppose -4*t + 3*a + x = -a, 493 = 5*t + a. What is the tens digit of t?
9
Let q = 289 + -373. Let l = 187 - q. What is the hundreds digit of l?
2
Let a = 76838 + -37501. What is the thousands digit of a?
9
Let v(f) = 45*f**2 + 750*f - 39. What is the ten thousands digit of v(-44)?
5
Let s be (-4 + 28/8)*(-284)/2. Let w = s - -3. What is the tens digit of w?
7
Let x = -7259 + 26238. What is the thousands digit of x?
8
Let n = -126 + 36. Let r = 95 + n. Suppose -k - 382 - 26 = -r*h, -236 = -3*h + 5*k. What is the tens digit of h?
8
Let k = 6332 - 2669. What is the tens digit of k?
6
Let b(m) = 5 + 0*m + 10*m - 4*m. Let j be b(9). Suppose 0 = 5*t - j + 4. What is the units digit of t?
1
Let d(z) = -191*z + 81. Let h(w) = -w**3 - 8*w**2 - 7*w + 27. Let u be h(-6). What is the hundreds digit of d(u)?
6
Let n(g) = 2*g**3 - 10*g**2 - 15*g + 179. What is the units digit of n(9)?
2
Let k(l) = -3*l**2 - 19*l + 65. Let o(b) = -5*b**2 - 28*b + 98. Let x(t) = 8*k(t) - 5*o(t). Let y be x(5). What is the tens digit of (-3 - y) + 56/1?
5
Let l(q) = 9*q**2 - 44*q - 6. Let c be l(5). What is the units digit of (-1)/(c/(-1))*(-70 + 33)?
7
Suppose 25*q - 81855 - 100295 = 0. What is the thousands digit of q?
7
Suppose -4 = 4*j, 2*b + 5*j = 3*b - 5319. What is the thousands digit of b?
5
Suppose -2*w = 5*a - 2008, -a - 3*a + 1592 = -2*w. Suppose a = -12*l + 2452. What is the tens digit of l?
7
Suppose 0 = 5*z + 2*n - 18732, -4*n - 5541 - 9467 = -4*z. What is the thousands digit of z?
3
Let d = -50 - -54. Let v be (-273)/(-11) - d*(-1)/22. Suppose -v*m + 23*m + 150 = 0. What is the tens digit of m?
7
Let w(y) = -y**3 + y**2 + 31. Let z be w(0). Suppose -4*h + z = -5*c, 4 + 0 = 4*c. Suppose h*d = 3*d + 288. What is the tens digit of d?
4
Suppose -7*z + 4*a = -4*z + 11, 0 = -4*z - a + 17. Suppose 5*m - 2338 = 3*y, -z*y = 4*m - 6*y - 1871. What is the units digit of m?
7
Suppose -20587 = 23*j - 68450. What is the hundreds digit of j?
0
Let m(a) = -22*a + 69. Let k be m(3). What is the hundreds digit of 10476/(-8 + 17) + k?
1
Let s(f) = 154*f + 26. Let l be s(5). Suppose -l - 246 = -4*d - 2*b, -264 = -d + 3*b. What is the units digit of d?
1
Let g = -2963 + 4230. Let s = 2378 - g. What is the hundreds digit of s?
1
Suppose -3*r = -6*r - 18. Let p(q) be the third derivative of q**6/120 + 2*q**5/15 - 5*q**3/6 - 2*q**2 + 422*q. What is the tens digit of p(r)?
6
Let y = 6 + -14. Let n(l) = 4*l**2 - 9*l - 1. What is the tens digit of n(y)?
2
Suppose -26*s - 6390 + 102980 = 0. What is the units digit of s?
5
Let l be (-4)/(-30) + 1233/(-135) + -2. Let h = 107 - l. What is the tens digit of h?
1
Suppose l - 56 = 2*d - 3*d, -4*l - 192 = -4*d. Suppose -d + 87 = -5*q. What is the tens digit of 55 + (-3 + q)/5?
5
Let m(h) = 1283*h - 10. Suppose 445 = 6*j + 439. What is the thousands digit of m(j)?
1
Let z(t) = 2*t + 3. Let f be z(1). Suppose -a - 1645 = 2*p - f*p, 2*a = 10. What is the units digit of p?
0
Let r(s) = 41*s**3 + 24*s**2 - 2*s + 8. What is the tens digit of r(5)?
2
Let j be (-16)/(-6)*(-15)/(-10). Suppose -4*k + 13 = 5*z, 4*k = -j